{"id":6,"date":"2025-05-13T23:42:20","date_gmt":"2025-05-13T21:42:20","guid":{"rendered":"https:\/\/freibad-camburg.de\/?page_id=6"},"modified":"2025-05-15T16:40:22","modified_gmt":"2025-05-15T14:40:22","slug":"oeffnungzeiten-und-preise","status":"publish","type":"page","link":"https:\/\/freibad-camburg.de\/index.php\/oeffnungzeiten-und-preise\/","title":{"rendered":"\u00d6ffnungzeiten und Preise"},"content":{"rendered":"\n<div class=\"wp-block-group alignfull has-background\" style=\"background-color:#a5dffd;margin-top:0;margin-bottom:0;padding-top:var(--wp--preset--spacing--50);padding-right:var(--wp--preset--spacing--50);padding-bottom:var(--wp--preset--spacing--50);padding-left:var(--wp--preset--spacing--50)\"><div class=\"wp-block-group__inner-container is-layout-constrained wp-container-core-group-is-layout-2bafd31c wp-block-group-is-layout-constrained\">\n<div class=\"wp-block-columns alignwide is-layout-flex wp-container-core-columns-is-layout-4d397ad4 wp-block-columns-is-layout-flex\">\n<div class=\"wp-block-column is-vertically-aligned-stretch is-layout-flow wp-block-column-is-layout-flow\" style=\"flex-basis:50%\">\n<div class=\"wp-block-group is-vertical is-content-justification-center is-layout-flex wp-container-core-group-is-layout-73a99bce wp-block-group-is-layout-flex\" style=\"min-height:100%\">\n<p class=\"has-heading-font-family has-x-large-font-size\" style=\"line-height:1.2\"><strong>Er\u00f6ffnung und \u00d6ffnungszeiten<\/strong><\/p>\n\n\n\n<p>Am Freitag, den 17. Mai, beginnt die neue Badesaison im Freibad Camburg. Ab 10:00 Uhr hei\u00dft es wieder: Badehose einpacken, Sonne tanken und ins k\u00fchle Nass springen!<\/p>\n\n\n\n<p><\/p>\n\n\n\n<p class=\"has-large-font-size\">\u00d6ffnungszeiten w\u00e4hrend der Saison<\/p>\n\n\n\n<p class=\"has-medium-font-size\">Das Freibad ist t\u00e4glich von 10:00 bis 19:00 Uhr ge\u00f6ffnet. Wir freuen uns auf euren Besuch und w\u00fcnschen allen G\u00e4sten eine sonnige und erholsame Zeit im Freibad Camburg!<\/p>\n\n\n\n<p><\/p>\n<\/div>\n<\/div>\n\n\n\n<div class=\"wp-block-column is-vertically-aligned-center is-layout-flow wp-block-column-is-layout-flow\" style=\"flex-basis:50%\">\n<figure class=\"wp-block-image size-large is-style-twentytwentyone-border\"><img decoding=\"async\" width=\"1024\" height=\"1024\" data-src=\"https:\/\/freibad-camburg.de\/wp-content\/uploads\/2025\/05\/2025-05-13-Becken-Front-Web-1024x1024.jpg\" alt=\"\" class=\"wp-image-8 lazyload\" style=\"--smush-placeholder-width: 1024px; --smush-placeholder-aspect-ratio: 1024\/1024;aspect-ratio:3\/4;object-fit:cover\" data-srcset=\"https:\/\/freibad-camburg.de\/wp-content\/uploads\/2025\/05\/2025-05-13-Becken-Front-Web-1024x1024.jpg 1024w, https:\/\/freibad-camburg.de\/wp-content\/uploads\/2025\/05\/2025-05-13-Becken-Front-Web-300x300.jpg 300w, https:\/\/freibad-camburg.de\/wp-content\/uploads\/2025\/05\/2025-05-13-Becken-Front-Web-150x150.jpg 150w, https:\/\/freibad-camburg.de\/wp-content\/uploads\/2025\/05\/2025-05-13-Becken-Front-Web-768x767.jpg 768w, https:\/\/freibad-camburg.de\/wp-content\/uploads\/2025\/05\/2025-05-13-Becken-Front-Web.jpg 1114w\" data-sizes=\"(max-width: 1024px) 100vw, 1024px\" src=\"data:image\/svg+xml;base64,PHN2ZyB3aWR0aD0iMSIgaGVpZ2h0PSIxIiB4bWxucz0iaHR0cDovL3d3dy53My5vcmcvMjAwMC9zdmciPjwvc3ZnPg==\" \/><\/figure>\n<\/div>\n<\/div>\n<\/div><\/div>\n\n\n\n<div class=\"wp-block-group alignwide is-style-default has-base-background-color has-background\" style=\"margin-top:0;margin-bottom:0;padding-top:var(--wp--preset--spacing--50);padding-right:var(--wp--preset--spacing--50);padding-bottom:var(--wp--preset--spacing--50);padding-left:var(--wp--preset--spacing--50)\"><div class=\"wp-block-group__inner-container is-layout-constrained wp-container-core-group-is-layout-9cf8f26d wp-block-group-is-layout-constrained\">\n<div class=\"wp-block-columns alignwide is-layout-flex wp-container-core-columns-is-layout-1a7dd963 wp-block-columns-is-layout-flex\">\n<div class=\"wp-block-column is-layout-flow wp-block-column-is-layout-flow\" style=\"flex-basis:60%\">\n<p class=\"has-heading-font-family has-x-large-font-size\" style=\"line-height:1.2\">Eintrittspreise<\/p>\n\n\n\n<div class=\"wp-block-columns is-layout-flex wp-container-core-columns-is-layout-b0e66f64 wp-block-columns-is-layout-flex\">\n<div class=\"wp-block-column is-vertically-aligned-center is-layout-flow wp-block-column-is-layout-flow\">\n<figure class=\"wp-block-table aligncenter is-style-regular\" style=\"padding-top:0;padding-right:0;padding-bottom:0;padding-left:0\"><table class=\"has-black-color has-white-background-color has-text-color has-background has-link-color\"><tbody><tr><td><\/td><td>Tageskarte<\/td><td>ab 17 Uhr<\/td><td>10er Karte<\/td><td>Dauerkarte<\/td><\/tr><tr><td>Kinder von 3 bis einschlie\u00dflich 14 Jahren<\/td><td>3,00\u20ac<\/td><td>1,50\u20ac<\/td><td>27,00\u20ac<\/td><td>45,00\u20ac<\/td><\/tr><tr><td>Azubis, Studenten, Sch\u00fcler ab 15 Jahre, Schwerbehinderte<\/td><td>4,00\u20ac<\/td><td>1,50\u20ac<\/td><td>34,00\u20ac<\/td><td>56,00\u20ac<\/td><\/tr><tr><td>Erwachsene<\/td><td>6,00\u20ac<\/td><td>3,00\u20ac<\/td><td>48,00\u20ac<\/td><td>84,00\u20ac<\/td><\/tr><tr><td>Parkplatzgeb\u00fchren<\/td><td>1,00\u20ac<\/td><td>&#8211;<\/td><td>7,00\u20ac<\/td><td>12,00\u20ac<\/td><\/tr><\/tbody><\/table><figcaption class=\"wp-element-caption\">Stand: 15.05.2025<\/figcaption><\/figure>\n<\/div>\n<\/div>\n<\/div>\n<\/div>\n<\/div><\/div>\n","protected":false},"excerpt":{"rendered":"<p>Er\u00f6ffnung und \u00d6ffnungszeiten Am Freitag, den 17. Mai, beginnt die neue Badesaison im Freibad Camburg. Ab 10:00 Uhr hei\u00dft es wieder: Badehose einpacken, Sonne tanken und ins k\u00fchle Nass springen! \u00d6ffnungszeiten w\u00e4hrend der Saison Das Freibad ist t\u00e4glich von 10:00 bis 19:00 Uhr ge\u00f6ffnet. Wir freuen uns auf euren Besuch und w\u00fcnschen allen G\u00e4sten eine&hellip; <a class=\"more-link\" href=\"https:\/\/freibad-camburg.de\/index.php\/oeffnungzeiten-und-preise\/\"><span class=\"screen-reader-text\">\u00d6ffnungzeiten und Preise<\/span> weiterlesen<\/a><\/p>\n","protected":false},"author":1,"featured_media":0,"parent":0,"menu_order":0,"comment_status":"closed","ping_status":"closed","template":"","meta":{"footnotes":""},"class_list":["post-6","page","type-page","status-publish","hentry","entry"],"_links":{"self":[{"href":"https:\/\/freibad-camburg.de\/index.php\/wp-json\/wp\/v2\/pages\/6","targetHints":{"allow":["GET"]}}],"collection":[{"href":"https:\/\/freibad-camburg.de\/index.php\/wp-json\/wp\/v2\/pages"}],"about":[{"href":"https:\/\/freibad-camburg.de\/index.php\/wp-json\/wp\/v2\/types\/page"}],"author":[{"embeddable":true,"href":"https:\/\/freibad-camburg.de\/index.php\/wp-json\/wp\/v2\/users\/1"}],"replies":[{"embeddable":true,"href":"https:\/\/freibad-camburg.de\/index.php\/wp-json\/wp\/v2\/comments?post=6"}],"version-history":[{"count":7,"href":"https:\/\/freibad-camburg.de\/index.php\/wp-json\/wp\/v2\/pages\/6\/revisions"}],"predecessor-version":[{"id":48,"href":"https:\/\/freibad-camburg.de\/index.php\/wp-json\/wp\/v2\/pages\/6\/revisions\/48"}],"wp:attachment":[{"href":"https:\/\/freibad-camburg.de\/index.php\/wp-json\/wp\/v2\/media?parent=6"}],"curies":[{"name":"wp","href":"https:\/\/api.w.org\/{rel}","templated":true}]}}

Öffnungzeiten und Preise

<div class="wp-block-group alignfull has-background" style="background-color:#a5dffd;margin-top:0;margin-bottom:0;padding-top:var(--wp--preset--spacing--50);padding-right:var(--wp--preset--spacing--50);padding-bottom:var(--wp--preset--spacing--50);padding-left:var(--wp--preset--spacing--50)"><div class="wp-block-group__inner-container is-layout-constrained wp-container-core-group-is-layout-2bafd31c wp-block-group-is-layout-constrained">
<div class="wp-block-columns alignwide is-layout-flex wp-container-core-columns-is-layout-4d397ad4 wp-block-columns-is-layout-flex">
<div class="wp-block-column is-vertically-aligned-stretch is-layout-flow wp-block-column-is-layout-flow" style="flex-basis:50%">
<div class="wp-block-group is-vertical is-content-justification-center is-layout-flex wp-container-core-group-is-layout-73a99bce wp-block-group-is-layout-flex" style="min-height:100%">
<p class="has-heading-font-family has-x-large-font-size" style="line-height:1.2"><strong>Eröffnung und Öffnungszeiten</strong></p>



<p>Am Freitag, den 17. Mai, beginnt die neue Badesaison im Freibad Camburg. Ab 10:00 Uhr heißt es wieder: Badehose einpacken, Sonne tanken und ins kühle Nass springen!</p>



<p></p>



<p class="has-large-font-size">Öffnungszeiten während der Saison</p>



<p class="has-medium-font-size">Das Freibad ist täglich von 10:00 bis 19:00 Uhr geöffnet. Wir freuen uns auf euren Besuch und wünschen allen Gästen eine sonnige und erholsame Zeit im Freibad Camburg!</p>



<p></p>
</div>
</div>



<div class="wp-block-column is-vertically-aligned-center is-layout-flow wp-block-column-is-layout-flow" style="flex-basis:50%">
<figure class="wp-block-image size-large is-style-twentytwentyone-border"><img decoding="async" width="1024" height="1024" data-src="https://freibad-camburg.de/wp-content/uploads/2025/05/2025-05-13-Becken-Front-Web-1024x1024.jpg" alt="" class="wp-image-8 lazyload" style="--smush-placeholder-width: 1024px; --smush-placeholder-aspect-ratio: 1024/1024;aspect-ratio:3/4;object-fit:cover" data-srcset="https://freibad-camburg.de/wp-content/uploads/2025/05/2025-05-13-Becken-Front-Web-1024x1024.jpg 1024w, https://freibad-camburg.de/wp-content/uploads/2025/05/2025-05-13-Becken-Front-Web-300x300.jpg 300w, https://freibad-camburg.de/wp-content/uploads/2025/05/2025-05-13-Becken-Front-Web-150x150.jpg 150w, https://freibad-camburg.de/wp-content/uploads/2025/05/2025-05-13-Becken-Front-Web-768x767.jpg 768w, https://freibad-camburg.de/wp-content/uploads/2025/05/2025-05-13-Becken-Front-Web.jpg 1114w" data-sizes="(max-width: 1024px) 100vw, 1024px" src="data:image/svg+xml;base64,PHN2ZyB3aWR0aD0iMSIgaGVpZ2h0PSIxIiB4bWxucz0iaHR0cDovL3d3dy53My5vcmcvMjAwMC9zdmciPjwvc3ZnPg==" /></figure>
</div>
</div>
</div></div>



<div class="wp-block-group alignwide is-style-default has-base-background-color has-background" style="margin-top:0;margin-bottom:0;padding-top:var(--wp--preset--spacing--50);padding-right:var(--wp--preset--spacing--50);padding-bottom:var(--wp--preset--spacing--50);padding-left:var(--wp--preset--spacing--50)"><div class="wp-block-group__inner-container is-layout-constrained wp-container-core-group-is-layout-9cf8f26d wp-block-group-is-layout-constrained">
<div class="wp-block-columns alignwide is-layout-flex wp-container-core-columns-is-layout-1a7dd963 wp-block-columns-is-layout-flex">
<div class="wp-block-column is-layout-flow wp-block-column-is-layout-flow" style="flex-basis:60%">
<p class="has-heading-font-family has-x-large-font-size" style="line-height:1.2">Eintrittspreise</p>



<div class="wp-block-columns is-layout-flex wp-container-core-columns-is-layout-b0e66f64 wp-block-columns-is-layout-flex">
<div class="wp-block-column is-vertically-aligned-center is-layout-flow wp-block-column-is-layout-flow">
<figure class="wp-block-table aligncenter is-style-regular" style="padding-top:0;padding-right:0;padding-bottom:0;padding-left:0"><table class="has-black-color has-white-background-color has-text-color has-background has-link-color"><tbody><tr><td></td><td>Tageskarte</td><td>ab 17 Uhr</td><td>10er Karte</td><td>Dauerkarte</td></tr><tr><td>Kinder von 3 bis einschließlich 14 Jahren</td><td>3,00€</td><td>1,50€</td><td>27,00€</td><td>45,00€</td></tr><tr><td>Azubis, Studenten, Schüler ab 15 Jahre, Schwerbehinderte</td><td>4,00€</td><td>1,50€</td><td>34,00€</td><td>56,00€</td></tr><tr><td>Erwachsene</td><td>6,00€</td><td>3,00€</td><td>48,00€</td><td>84,00€</td></tr><tr><td>Parkplatzgebühren</td><td>1,00€</td><td>&#8211;</td><td>7,00€</td><td>12,00€</td></tr></tbody></table><figcaption class="wp-element-caption">Stand: 15.05.2025</figcaption></figure>
</div>
</div>
</div>
</div>
</div></div>

<p>Eröffnung und Öffnungszeiten Am Freitag, den 17. Mai, beginnt die neue Badesaison im Freibad Camburg. Ab 10:00 Uhr heißt es wieder: Badehose einpacken, Sonne tanken und ins kühle Nass springen! Öffnungszeiten während der Saison Das Freibad ist täglich von 10:00 bis 19:00 Uhr geöffnet. Wir freuen uns auf euren Besuch und wünschen allen Gästen eine&hellip; <a class="more-link" href="https://freibad-camburg.de/index.php/oeffnungzeiten-und-preise/"><span class="screen-reader-text">Öffnungzeiten und Preise</span> weiterlesen</a></p>
